 - -6)?
3
What is the value of -13 + 17 + (1 - 6)?
-1
(4 - (8 + -4)) + 3 - -4
7
(-5 - (-1 + (2 - 2))) + 5
1
Evaluate 2 + 3 + 3 + -3.
5
What is the value of (1 - -1 - (2 - 3)) + 1?
4
Evaluate -8 - (-15 + -1 + 4).
4
What is 4 - (-3 + 7) - -8?
8
Calculate -4 - (3 + (3 - 6) - 4).
0
-1 - (6 + -7 + (-2 - -1))
1
-3 - (-19 - -7 - -7) - 9
-7
Calculate 6 - (-1 - (-16 - 0)) - 0.
-9
(4 - (2 - 4)) + (-1 - 2)
3
What is (-8 - -1) + -15 + 12?
-10
What is the value of 1 + 0 - -6 - (1 + 6)?
0
What is the value of 1 + 6 + -4 - 2 - -2?
3
Calculate 9 + 1 + (-6 - -1).
5
Calculate -4 + -8 + 1 - -8.
-3
What is the value of (5 - 2) + 2 + 7 + -7?
5
What is 13 + -12 + -3 + -1?
-3
Evaluate 28 + 5 + -17 - 7.
9
What is -3 - (9 + (-2 - (4 + -2)))?
-8
What is (3 - 3) + (-5 - 1)?
-6
(7 - 11 - -3) + 4
3
What is (-2 - (2 - 0)) + 73 + -75?
-6
What is 0 - (-16 + 7) - 9?
0
Calculate 2 - -2 - (-1 + 1).
4
-13 + 16 - -5 - 11
-3
(2 - -2) + -5 + (-14 - -8)
-7
Evaluate (-29 - -31) + (-2 + 1 - 2).
-1
-4 - (14 - 13 - (-2 - -1))
-6
Evaluate (-5 - 0) + (-12 - -19) - 7.
-5
-10 + (-8 - -10) + 4
-4
What is the value of -8 + -8 + 22 - 10?
-4
What is the value of 0 - (-8 + (-1 - -4))?
5
What is -2 - (-4 - -5 - (2 - -2))?
1
What is the value of 6 + 3 + (-5 - 5)?
-1
Calculate 13 + (-13 - 6) + 17.
11
Calculate 8 - (-1 - -9) - 4.
-4
Calculate 9 - (-5 - (-9 + -1 + 0)).
4
What is 2 - -1 - (-7 + 10) - -2?
2
What is the value of (0 - ((-3 - -5) + -3)) + -1?
0
Calculate -1 - (0 - (-6 - 0)).
-7
What is the value of 1 - 6 - (-17 - -17)?
-5
What is 7 - 11 - (0 + 0)?
-4
What is (18 - 4 - 6) + (-6 - 1)?
1
What is the value of 4 + (4 - (3 - (-6 + -4)))?
-5
What is the value of 9 - (-2 + (2 - 0) + 4)?
5
2 - (-2 + 3 - (-4 + 9))
6
Evaluate -5 + 2 + 10 + (-6 - -4).
5
Calculate 5 - (17 + -4) - -6.
-2
What is the value of (-3 - 7 - -4) + 10 + -7?
-3
What is (7 + -2 - (1 + 9)) + 2?
-3
Evaluate 6 - ((-1 - -1) + 5).
1
(-2 - 3 - (-4 - -2)) + 0
-3
3 + (0 - 9) + 3
-3
What is (6 - (2 - 2)) + -3 + 0?
3
Calculate (-3 - 0) + (2 - 0).
-1
-2 - -11 - 6 - (-2 + -1)
6
Calculate 2 - -4 - 6 - 5.
-5
1 + 5 - (2 + (3 - -3))
-2
Evaluate -8 - (1 + -9 + 2).
-2
(-13 - -11) + -1 + 0
-3
What is -2 - (-3 + -2 + (4 - -2))?
-3
What is 2 + -9 + 0 + -63 + 65?
-5
Evaluate -10 - ((-1 - 5) + -1).
-3
(4 - -1) + (3 + -3 - 1)
4
Evaluate (-1 - (2 + 0 + -2)) + -2.
-3
Evaluate (3 - 2) + -1 - -3 - -2.
5
(3 - -3 - 5) + 6 + -3
4
What is the value of 8 + -8 + -2 - (1 + 0)?
-3
What is the value of -1 + 0 + (-1 - 2) - 1?
-5
Calculate -4 + -2 - (-1 - 2).
-3
-1 + 10 - (1 + -5 - -6)
7
What is (-10 - 0) + (4 - 1) - 0?
-7
What is -20 - -10 - (-9 + 0)?
-1
What is the value of 2 - -5 - 4 - (-1 + 8)?
-4
Calculate (2 - (7 - 5 - -2)) + 1.
-1
Calculate 2 - (-4 + 3 + 0).
3
Evaluate 0 + (1 - ((4 - 3) + 5)).
-5
Evaluate 1 + -1 + (6 - 1).
5
Calculate 9 - (0 - -4) - (-9 - -6).
8
Evaluate (-2 - -6 - -4) + -8.
0
Calculate -1 + -9 + (13 - -3).
6
(-1 - (6 + -12) - -2) + -2
5
-4 - (0 - -4) - (-2 + -10)
4
What is the value of 3 + -7 + 6 - 6?
-4
What is 3 - ((-2 - -6) + 0)?
-1
Calculate -3 - -6 - 5 - (-42 - -41).
-1
Evaluate -1 - ((4 - 5) + 2).
-2
What is (-8 + -3 + 5 - 2) + 2?
-6
-12 + 3 + 3 - (-5 - -2)
-3
What is (6 - (-5 - (0 - 9))) + 4?
6
What is 1 + -2 + 53 + -46?
6
Calculate -2 - (-1 - 0 - (-1 - -1)).
-1
-6 + 5 + 1 - (-2 - -1)
1
What is (-2 - (0 - -1)) + 39 + -43?
-7
Calculate (-5 - 2 - -12) + -9.
-4
Calculate -1 - 4 - 0 - 0.
-5
(-7 - -9) + -2 + (-2 - -1)
-1
Calculate -49 + 39 - (-4 - -1).
-7
Calculate 4 + (-1 - (-4 - -1 - -1)).
5
What is the value of 0 - (4 - (-3 + (-5 - -11)))?
-1
What is the value of (-8 - -3) + 6 + -2 + 0?
-1
Calculate 6 + (0 - 7) + -1.
-2
What is 7 + -3 + -8 + 2?
-2
(-1 - -1) + (193 - 189)
4
4 - 1 - (6 - (-2 + 4))
-1
(1 - (4 - -3) - -7) + -4
-3
-2 + 8 + -3 - (6 + -3)
0
Evaluate -22 + -1 + 1 + 12.
-10
-2 - (10 - 6 - (2 + -1))
-5
-1 + 2 + (13 - 12)
2
What is 8 - (17 - -7 - 11)?
-5
Calculate (4 - 10) + 8 - (-6 + 3).
5
Evaluate 0 + -9 + -5 + 20 + -9.
-3
What is (-4 - -8) + -1 + -2?
1
Calculate (16 + -15 - (-3 + 1)) + 4.
7
What is the value of (-8 - -1) + 1 + 7?
1
What is the value of -81 + 87 + (-2 - -2)?
6
Calculate (-2 - -8) + (9 - 8).
7
Calculate -6 + (-1 - -4 - 1) - -1.
-3
Calculate 4 - 8 - (-2 - 1).
-1
-5 + 2 - -7 - 3
1
What is 14 + -15 - (0 - -2)?
-3
Calculate -3 - ((5 - 8) + 0).
0
Calculate 2 - -4 - (6 + -1).
1
What is 3 + -5 - (3 - (-1 + 3))?
-3
-10 + (13 - (-2 - -8)) + -4
-7
What is 8 - (0 + 6 + 1)?
1
What is -7 + (5 - (-2 - -4))?
-4
-1 + 2 + (14 + -6 - 4)
5
What is -6 + 4 + -2 + 8 - -1?
5
What is -80 - -73 - ((0 - 2) + 4)?
-9
What is the value of 3 + 5 + -13 - -1?
-4
Evaluate -8 - (-6 + 4 + -4).
-2
What is the value of -4 + (-1 - ((5 - 1) + -9))?
0
Evaluate (-1 - 3) + -13 + 8 + 8.
-1
Calculate 7 + (2 + -2 - 1) - 2.
4
Calculate 0 - -8 - 14 - -9.
3
4 - (1 + (-6 - 3) + 2)
10
Evaluate -1 - (1 - (4 + 0 + 1)).
3
Calculate 0 - -1 - (-14 + 10).
5
7 + (-1 - 7 - -4)
3
What is the value of (-33 - -40) + -2 + -5?
0
What is -1 + -1 + 1 + (7 - 2)?
4
Calculate 6 + 1 + -2 + -4.
1
Calculate -3 + (3 - (2 - 2 - -3)).
-3
What is 1 + (-1 - -1) + (253 - 245)?
9
-12 - -17 - (0 - -1)
4
(2 - (1 + (-1 - -4))) + 0
-2
Evaluate (-2 - (7 - 7)) + 7.
5
What is -1 + 0 + (4 - -5 - 5)?
3
-3 - (-3 + -9 + 5)
4
Evaluate 0 + (-1 - (2 + 4)).
-7
Evaluate 0 + 5 + -1 + 6 + -5.
5
Calculate 10 - (11 + -19 + 11).
7
What is -2 - (1 - (9 + 2 + -3))?
5
Calculate (-4 - (-10 + 2)) + -7.
-3
(13 - 5) + -3 + 2 + -5
2
What is the value of 5 + (4 - (10 + 2)) - -5?
2
What is 104 - 114 - (-5 + 2 + -2)?
-5
(0 - -6) + -3 + -11 + 3
-5
Evaluate 10 - (6 - -3) - 10.
-9
Calculate (3 - 2) + 5 + -1 + -9.
-4
What is 0 - 2 - (-6 - (-6 - -4))?
2
Calculate -3 - (-2 - (3 - 9)).
-7
What is -2 + -1 + (3 - -5)?
5
Calculate -2 - 0 - (-3 + 3) - 7.
-9
Calculate (-7 - -6) + 3 - 3.
-1
What is the value of -11 - (12 - 19) - (-1 + 1)?
-4
Evaluate 0 + (4 - 5 - -2).
1
Evaluate -3 + 0 - (0 + 0).
-3
What is the value of 2 + 11 + -7 + (-2 - 1)?
3
-5 + (11 - 5) + -7
-6
6 - (-4 + 2 + 4)
4
What is -5 + 10 + 1 + -8?
-2
Evaluate 0 + (-4 - -2) + -3.
-5
What is the value of 3 - ((-6 - -9) + 2)?
-2
-1 + 1 + 4 + (-13 - -6)
-3
Evaluate -10 + 8 + 0 + 0.
-2
-11 - -12 - (-1 + 1)
1
Calculate 12 + -21 - (0 + -15).
6
Evaluate -2 - -8 - (-17 + 18).
5
-4 + 3 + (2 - -1) - 4
-2
Evaluate -18 + 39 - 19 - (-6 + 0).
8
Calculate -5 + 8 + -1 - 4.
-2
-10 + (-3 - (-7 - 0)) - -3
-3
-3 + (8 - (3 + -3))
5
What is the value of (0 - (-2 + 5)) + -39 + 36?
-6
What is the value of -12 + 19 - (5 - 2)?
4
What is the value of (-7 - (-7 - 7)) + -11?
-4
Evaluate -10 - (4 - 13) - 3.
-4
What is (-8 - -9) + -3 + -4?
-6
Calculate (0 - 0) + -12 + 6.
-6
Evaluate 8 + -5 + 2 - 4.
1
(-4 - 1 - (-5 + -9)) + 1
10
Calculate -3 - ((10 - 10) + -8).
5
Calculate -2 - -2 - (2 - 3 - -2).
-1
Calculate 4 + 15 + -24 + 5 + 1.
1
Evaluate 12 + (-3 - 3) + -5.
1
-3 - (-5 + (-5 + 12 - -1))
-6
Evaluate -2 - (-7 + (-5 - -7) - -8).
-5
Evaluate -3 + (2 - (0 + -3)) - 5.
-3
-8 - -12 - (-2 - -8)
-2
7 + -6 - (-4 + 7)
-2
Calculate (0 - (-1 - -3)) + -198 + 202.
2
What is the value of -7 - (-9 - -3) - (3 + -11)?
7
What is the value of 0 + (3 - 0) + 0 + 2?
5
What is the value of 1 + 0 + (95 - 94)?
2
Calculate (-12 - -6) + 6 - 0.
0
(-2 - -2) + 3 - 0 - -1
4
Calculate -5 - (5 - 1 - 7).
-2
What is the value of -49 + 60 - (1 - -8)?
2
What is -22 + (22 - 11) + 15?
4
What is -1 - (6 + -4 + 0)?
-3
What is (0 - -1 - (-2 - -7)) + 1?
-3
Calculate 2 - (1 + -3 + (1 - -3)).
0
What is the value of 60 - 52 - (9 + 0)?
-1
What is -2 - (3 + 0 - 4) - 1?
-2
What is the value of 3 - (-4 - 2 - -10)?
-1
What is 2 - (-1 + (-2 - -2))?
3
Calculate -1 + (0 - -4) - 4.
-1
What is the value of (1 - -1) + 7 + -10?
-1
Calculate 4 + -3 + -1 - (-3 + -2).
5
Evaluate -5 - 1 - (-7 - -4).
-3
Calculate 13 + -3 + (-3 - 1).
6
Evaluate (-2 - -1 - -5) + (-11 - -10).
3
What is (1 - (4 + (-1 - 5))) + -5?
-2
Evaluate 4 + 1 - (-11 + -21 + 39).
-2
Evaluate -3 + (5 - 6) - -4.
0
(5 - (0 - -1)) + -1
3
Evaluate 1 + 8 + (7 - 15) + 8.
9
What is the value of -5 + (-3 - 1 - (-13 - -9))?
-5
Calculate -1 + 0 - (-2 + -2 + 2).
1
Evaluate -7 + 19 + -5 + -5.
2
Calculate 5 - (1 + 13 + -6 - 6).
3
Evaluate 1 + -22 + 10 + (3 - 1).
-9
What is the value of -1 - (8 - 7) - (-8 + 2)?
4
What is -10 - 0 - (-3 - -1 - 2)?
-6
What is the value of 3 - (-1 + 7 + -7)?
4
6 - 0 - (10 + -8)
